vided by 812.
112
Calculate the remainder when 16230076 is divided by 1082005.
1
What is the remainder when 2209260 is divided by 1418?
16
Calculate the remainder when 268166 is divided by 123.
26
What is the remainder when 129554 is divided by 129551?
3
Calculate the remainder when 92096820 is divided by 122.
118
Calculate the remainder when 607393 is divided by 202410.
163
Calculate the remainder when 486117 is divided by 242203.
1711
Calculate the remainder when 1857688 is divided by 7285.
13
Calculate the remainder when 28604512 is divided by 707.
706
What is the remainder when 7292183 is divided by 1458427?
48
What is the remainder when 846365 is divided by 3067?
2940
Calculate the remainder when 4241158 is divided by 385.
383
What is the remainder when 2497816 is divided by 78?
22
Calculate the remainder when 11623217 is divided by 645733.
23
Calculate the remainder when 16563707 is divided by 124539.
20
Calculate the remainder when 140126 is divided by 2802.
26
What is the remainder when 464236 is divided by 526?
304
What is the remainder when 1094443 is divided by 486?
457
Calculate the remainder when 269486 is divided by 32.
14
Calculate the remainder when 6758487 is divided by 6758477.
10
Calculate the remainder when 678050 is divided by 168856.
2626
Calculate the remainder when 55879379 is divided by 635.
14
What is the remainder when 26534949 is divided by 3282?
3261
What is the remainder when 134009 is divided by 44648?
65
What is the remainder when 7286806 is divided by 316817?
15
Calculate the remainder when 886028669 is divided by 15.
14
What is the remainder when 55022 is divided by 1808?
782
Calculate the remainder when 2476278 is divided by 179.
171
Calculate the remainder when 3195203 is divided by 155.
33
What is the remainder when 27144954 is divided by 43?
0
What is the remainder when 3398832 is divided by 3398823?
9
What is the remainder when 2419252 is divided by 1990?
1402
What is the remainder when 517218 is divided by 2639?
2613
What is the remainder when 380547 is divided by 190265?
17
What is the remainder when 868100 is divided by 78917?
13
What is the remainder when 2531661 is divided by 4935?
6
What is the remainder when 7104682 is divided by 2089?
2082
Calculate the remainder when 81339675 is divided by 6.
3
Calculate the remainder when 39498036 is divided by 3320.
3316
Calculate the remainder when 712637 is divided by 44538.
29
Calculate the remainder when 152085 is divided by 75997.
91
Calculate the remainder when 144502 is divided by 20638.
36
Calculate the remainder when 10293118 is divided by 18.
16
What is the remainder when 885043 is divided by 3052?
3015
Calculate the remainder when 12686514 is divided by 2537301.
9
Calculate the remainder when 6272072 is divided by 32330.
52
Calculate the remainder when 21738727 is divided by 10869329.
69
Calculate the remainder when 4672906 is divided by 230.
226
Calculate the remainder when 792489 is divided by 264162.
3
Calculate the remainder when 11357333 is divided by 27.
26
What is the remainder when 1268952 is divided by 86?
22
Calculate the remainder when 2484342 is divided by 178.
174
What is the remainder when 35633209 is divided by 84?
73
What is the remainder when 10870022 is divided by 350?
72
What is the remainder when 22362613 is divided by 143?
130
Calculate the remainder when 300853 is divided by 1400.
1253
Calculate the remainder when 3117 is divided by 3031.
86
Calculate the remainder when 863005 is divided by 215750.
5
Calculate the remainder when 775991 is divided by 22.
7
What is the remainder when 916826 is divided by 6692?
22
Calculate the remainder when 9302997 is divided by 25.
22
Calculate the remainder when 1954416 is divided by 11168.
16
What is the remainder when 879404379 is divided by 6?
3
Calculate the remainder when 13075106 is divided by 10.
6
What is the remainder when 193973 is divided by 523?
463
Calculate the remainder when 365502 is divided by 182659.
184
Calculate the remainder when 100261 is divided by 50038.
185
What is the remainder when 17506850 is divided by 50452?
6
What is the remainder when 289235 is divided by 3755?
100
What is the remainder when 15502792 is divided by 738222?
130
What is the remainder when 134225 is divided by 134205?
20
Calculate the remainder when 233881 is divided by 116909.
63
Calculate the remainder when 32123516 is divided by 858.
854
Calculate the remainder when 65530 is divided by 2135.
1480
What is the remainder when 123773562 is divided by 105?
87
Calculate the remainder when 2585332 is divided by 36.
28
Calculate the remainder when 1323257 is divided by 1132.
1081
Calculate the remainder when 578130 is divided by 327.
321
What is the remainder when 1885535 is divided by 5387?
85
What is the remainder when 1657594 is divided by 276265?
4
What is the remainder when 22690840 is divided by 22690807?
33
Calculate the remainder when 13059349 is divided by 5350.
5349
What is the remainder when 405919 is divided by 1031?
736
Calculate the remainder when 1434378 is divided by 286873.
13
What is the remainder when 3053762 is divided by 14007?
236
What is the remainder when 27276 is divided by 8470?
1866
Calculate the remainder when 67328 is divided by 254.
18
What is the remainder when 530772 is divided by 176851?
219
Calculate the remainder when 42316 is divided by 4221.
106
What is the remainder when 1063942 is divided by 6082?
5674
What is the remainder when 33261107 is divided by 68?
63
Calculate the remainder when 237455962 is divided by 121.
117
What is the remainder when 24039508 is divided by 149?
146
Calculate the remainder when 1256467 is divided by 9675.
8392
Calculate the remainder when 1450921 is divided by 1450907.
14
What is the remainder when 11265560 is divided by 1941?
1937
What is the remainder when 73543440 is divided by 599?
17
What is the remainder when 706367060 is divided by 5945?
5940
What is the remainder when 1272930 is divided by 1768?
1738
What is the remainder when 207401038 is divided by 58?
56
Calculate the remainder when 55537412 is divided by 197642.
10
Calculate the remainder when 117424 is divided by 3085.
194
What is the remainder when 693162 is divided by 4920?
4362
Calculate the remainder when 64598082 is divided by 1656361.
3
What is the remainder when 634516 is divided by 61?
55
Calculate the remainder when 300269 is divided by 821.
604
What is the remainder when 206704 is divided by 7639?
451
What is the remainder when 32327106 is divided by 310?
306
What is the remainder when 4892204 is divided by 1169?
1108
What is the remainder when 494927 is divided by 1341?
98
Calculate the remainder when 295543 is divided by 524.
7
What is the remainder when 152761 is divided by 2880?
121
Calculate the remainder when 5449958 is divided by 2020.
2018
What is the remainder when 986888721 is divided by 1531?
1528
What is the remainder when 1121845 is divided by 54?
49
Calculate the remainder when 56087299 is divided by 2078.
1
Calculate the remainder when 4183578 is divided by 461.
3
What is the remainder when 79197 is divided by 108?
33
Calculate the remainder when 1027082 is divided by 34236.
2
Calculate the remainder when 300563 is divided by 11109.
620
What is the remainder when 9383851 is divided by 435?
31
Calculate the remainder when 137882 is divided by 22.
8
What is the remainder when 55482303 is divided by 29?
25
Calculate the remainder when 119423 is divided by 5970.
23
Calculate the remainder when 419446 is divided by 57.
40
Calculate the remainder when 8584 is divided by 2271.
1771
Calculate the remainder when 91259 is divided by 6964.
727
What is the remainder when 196226 is divided by 11024?
8818
Calculate the remainder when 512286 is divided by 127944.
510
What is the remainder when 2750742 is divided by 100?
42
What is the remainder when 3482907 is divided by 30?
27
What is the remainder when 4557506 is divided by 9780?
26
Calculate the remainder when 48159952 is divided by 245714.
8
What is the remainder when 10164901 is divided by 54?
49
What is the remainder when 4640011 is divided by 25?
11
What is the remainder when 1874793 is divided by 6?
3
Calculate the remainder when 222488 is divided by 61.
21
Calculate the remainder when 263987 is divided 